ors of k?
5, 17, 59
Let g = -16850 - -28568. List the prime factors of g.
2, 3, 7, 31
Let c = -384 + 918. Suppose -4*k + 684 = -8*w + 12*w, 4*w + c = 3*k. What are the prime factors of k?
2, 3, 29
Suppose 6*h - 412 = 3254. Suppose -l + h + 249 = 0. List the prime factors of l.
2, 5, 43
Suppose 12*j - 31 = -7. Suppose 1147 = 2*a + 5*s, 4*a - 648 - 1658 = j*s. List the prime factors of a.
2, 3
Let m(k) = 2*k**2 - 5*k - 35. Suppose -17 = 3*q - y + 12, -4*q - 3*y = 30. What are the prime factors of m(q)?
2, 43
List the prime factors of (4/(-2))/(-16) - 4436649/(-504).
8803
Let y be ((-128)/(-6))/((-4)/12). What are the prime factors of 30*-1*8/y*52?
3, 5, 13
Suppose 18*u - 76 = -u. What are the prime factors of 161 - 9*u/(-8 + -4)?
2, 41
Let y(l) = -27*l**3 + l**2 + l + 1. Suppose 3*t = -2*r + 139, 0*t - 68 = -t - 5*r. Let b = -44 + t. What are the prime factors of y(b)?
2, 7
Let m(q) = 368*q**2 - 523*q + 3765. List the prime factors of m(7).
2, 2267
Suppose 240*i = -140*i + 4931260. List the prime factors of i.
19, 683
Suppose 0 = 2*r - 2, -30 = -3*w - 4*r + 10. Let t be (w/(-30))/(2/30). Let a(j) = -6*j - 7. What are the prime factors of a(t)?
29
Suppose -72*g - 50697 + 988200 = -2029545. What are the prime factors of g?
7, 29
What are the prime factors of 2*-1 + 3 + (-715456)/70*-5?
3, 5, 3407
Let x(n) = n + 678 - 8*n + 1368 + 29*n - 581. What are the prime factors of x(0)?
5, 293
Let f = -768 - -763. Let p(i) = -81*i - 129. List the prime factors of p(f).
2, 3, 23
Suppose -5*p + 3*r = 2*r - 184143, 0 = 3*p + 4*r - 110472. What are the prime factors of p?
2, 3, 11, 31
Suppose 0 = 5*w - 4*r - 49298 - 3726, -3*r = -2*w + 21218. List the prime factors of w.
2, 5, 53
Let r(j) be the first derivative of -j**4/4 + 5*j**3/3 + 2*j**2 - 7*j - 89. What are the prime factors of r(5)?
13
Suppose 0 = q - 4225*p + 4221*p - 35490, 5*p = 4*q - 141938. List the prime factors of q.
2, 113, 157
Let y = -22 - -46. Suppose s - 4*p = -y, -4*p - 75 + 19 = 3*s. Let h = s - -40. What are the prime factors of h?
2, 5
Let d = 179 + -181. Let m = d - -1071. What are the prime factors of m?
1069
Suppose -589*w + 604*w - 121320 = 0. List the prime factors of w.
2, 3, 337
Let m(d) = 19*d + 14. Let k be m(0). What are the prime factors of 5/(35/k) - -388?
2, 3, 5, 13
Let b = -181 - -189. Let y(d) = d**3 - 5*d**2 + 11*d + 6. List the prime factors of y(b).
2, 11, 13
Suppose -42*w - 15795 + 127305 = 0. What are the prime factors of w?
3, 5, 59
Suppose -k - 13152 = -4*s, -5*s + 10*s + 4*k = 16419. What are the prime factors of s?
19, 173
Let h be ((-10)/4)/(-2 - 22/(-12)). Suppose -4*k - k = -h. Suppose -116 = -k*u + 37. What are the prime factors of u?
3, 17
Suppose -647*m = -703*m + 628152. What are the prime factors of m?
3, 3739
Suppose 5*f - 406 = 569. Suppose 5*q - f = w, -2*w - 10 = 4*q - 152. Suppose -4*c - q = -5*c. What are the prime factors of c?
2, 19
Suppose 4*i = -77 + 281. Suppose -5*m = -z + 113, -i = 4*z + 4*m - 623. Suppose 9*o - 12*o = -z. List the prime factors of o.
2, 23
Let q = 776 + 347. Suppose -5*k - 3*x = -7593, x - 396 - q = -k. What are the prime factors of k?
2, 3, 11, 23
Let i = -2333 + 5318. What are the prime factors of i?
3, 5, 199
Let l be (-42)/18 + 25/(-15) + 17. What are the prime factors of l/2 + -7 - (-59)/2?
29
Let h(t) = 6*t**2 - 12*t - 5. Suppose 2*d - 4*w + 18 = 0, -4*w = -3*d - 29 + 4. What are the prime factors of h(d)?
373
Let b(f) = -f - 15*f**2 + 8*f**2 - 2*f**3 - 4*f**2 - 14 - 9*f**2. Let c be b(-10). List the prime factors of 3/(-1) - c - -33.
2, 17
Let b be (-40)/(-15)*(1 + (-22)/(-8)). Let h be (-2)/(3 - (-69)/(-21)). Suppose f - b - h = 0. List the prime factors of f.
17
Suppose 4*l - 2*w + 10 = l, 3*w = 3*l + 15. Suppose l = -9*r + 6892 + 5240. List the prime factors of r.
2, 337
Let d = 14545 - 6942. What are the prime factors of d?
7603
Let f(q) = -211*q - 957. What are the prime factors of f(-12)?
3, 5, 7
Let t(h) = 4*h**2 - 106*h + 129. What are the prime factors of t(64)?
3, 23, 47
Suppose -11*s + 2773 = -1220. Let p = s - 282. What are the prime factors of p?
3
Let g be (130/(-5))/(4/(-2*1)). Suppose -8*k = -g*k + 70. Suppose -k*l = -4*l - 130. What are the prime factors of l?
13
Suppose 5*p - 29 = -14. Suppose 3952 = 11*x - p*x. Let d = x + -263. List the prime factors of d.
3, 7, 11
Suppose 30*q - 30464 = 22*q. Suppose -5*x = -q + 1558. What are the prime factors of x?
2, 3, 5
Suppose -11 + 1 = 2*f - 2*i, 0 = i. Let q = f - -2. List the prime factors of (126/30 + -3)/(q/(-190)).
2, 19
Let r(u) = 261*u**2 - u - 7. Let a be r(2). Let q = -481 + a. List the prime factors of q.
2, 277
Suppose 106*b - 5289942 = -27*b. List the prime factors of b.
2, 3, 7, 947
Let s(g) = 3*g - g - 2*g**3 + 4 - 9*g**2 - 5 - 4. Let x be s(-7). What are the prime factors of ((-2)/((-2)/3))/(3/x)?
2, 113
Let c = 21355 + -18615. List the prime factors of c.
2, 5, 137
Suppose -27*h = 5*t - 26*h - 19805, 5*h + 19775 = 5*t. What are the prime factors of t?
2, 3, 5, 11
Let y = -36 + 44. Let a(m) = 6*m + 144. List the prime factors of a(y).
2, 3
Let j = 19175 - 1249. List the prime factors of j.
2, 8963
Suppose 5*d - 56 - 9 = 0. Let t(h) = h**3 - h + 1. Let j(r) = 2*r**3 - 14*r**2 + 8. Let f(i) = -j(i) + t(i). What are the prime factors of f(d)?
149
Let f be 3/(-4) + 803/4. Suppose -5*b = -b - f. Let n = 6 + b. List the prime factors of n.
2, 7
Let s(g) = -g**2 + 28*g + 23. Let z be 1 + (-5)/((-20)/12). Let x(m) = m**2 - 29*m - 23. Let v(r) = z*x(r) + 5*s(r). What are the prime factors of v(19)?
2, 59
What are the prime factors of (-25*(-21)/(-140))/(3/(-8396))?
5, 2099
Let c = -194 - -184. What are the prime factors of c*(1 - (-141)/(-15))?
2, 3, 7
Let v(t) = 785 - t - 307 - 2*t**2 + 683 - 4*t. List the prime factors of v(0).
3, 43
Let i(n) = 3*n**2 - 23*n + 61. Let l = -34 - -31. Let a(q) = -2*q**2 + 12*q - 30. Let z(m) = l*i(m) - 5*a(m). What are the prime factors of z(11)?
11, 17
Suppose 4*r - 2*l - 112 = -0*l, -68 = -2*r - 5*l. Suppose -2 = 9*h - r. Suppose -927 = -6*f - h*f. List the prime factors of f.
103
Let d(w) = w**2 + 100*w + 122. List the prime factors of d(45).
17, 23
Suppose 11*n + 48 = 27*n. Suppose -4*t - n = -o + 76, 5*t = -2*o + 171. List the prime factors of o.
83
Let l(c) = -3288*c**3 + 7*c**2 + 8*c - 3. List the prime factors of l(-2).
3, 7, 179
Let q be ((-12)/(-10))/(((-21)/(-245))/1). Suppose 894 = -8*g + q*g. List the prime factors of g.
149
Let u be (-44)/14 + (-48)/56 + -72. Let i = -73 - u. What are the prime factors of i?
3
Let q(c) = 188*c**2 + 118*c - 725. What are the prime factors of q(7)?
67, 139
Let b(y) = -y**2 - 15*y + 11. Let p be b(-14). Suppose -3*x = -5 - p. List the prime factors of -2 + 7 + -3 + x.
2, 3
Let i(m) = -2929*m**3 - 4*m**2 - 4*m - 1. What are the prime factors of i(-2)?
59, 397
Suppose 374 + 236 = 2*s. Let b = s - 197. What are the prime factors of b?
2, 3
Suppose -3*z - 6 = -2*h, -5*h + 15 = -2*z - 0*z. Suppose o + 2*o - h*v = 1446, -2*o = -5*v - 958. What are the prime factors of o?
2, 11
Let z be -3 - -1 - 13/((-65)/30). Let q(d) = -10*d - 7 + z + 1 + 1. List the prime factors of q(-4).
3, 13
Let a(q) = 2*q + 19 + 51*q**2 - 2*q + 7*q - 23. What are the prime factors of a(-2)?
2, 3, 31
What are the prime factors of -16*8/(-1600) - (-1369796)/50?
2, 3, 761
Let m be 372 - (2 + 0)/(-2). Suppose 2*s - 1269 = -m. What are the prime factors of s?
2, 7
Suppose -o - 3 = c, 3*o + 17 = 3*c - 4. Suppose 5*h = h - 8, c*a = -3*h + 352. Let w = a - 80. What are the prime factors of w?
3, 11
Let q(h) = -h**3 - 21*h**2 - 42*h - 73. Let l be q(-19). Suppose -4*s - 3*b + 2357 = 0, 406 + 777 = 2*s + l*b. What are the prime factors of s?
587
Suppose 6*w = w + 6245. Let i = -839 + w. Suppose 4*k - i = -c - 107, 2*k = -4*c + 162. List the prime factors of k.
3, 5
Suppose 9*q - 25 = 4*q. Suppose -q*f - 487 = -2*g, 4*g + 9*f = 4*f + 899. Let n = -163 + g. List the prime factors of n.
2, 17
What are the prime factors of 3*(-167988)/45*(-10)/4?
2, 13999
Let l(n) = n**2 + 4*n - 217. Let i be l(13). Suppose 0 = -2*q + 1 + 5. Suppose i*h = -m + 55, 0*h - q*h = -3. List the prime factors of m.
3, 17
Suppose -47 = -11*v - 14. Suppose 4*w + 43 = v. List the prime factors of -5 + (-1705)/w + 1/(-2).
3, 5, 11
Suppose -5*